tens digit of (-1 + z/(-12))*-4?
1
Suppose y - 51 = -0. Suppose 33 + y = 4*k. What is the units digit of k?
1
Let a = -72 + 102. Let t = -14 - -14. Suppose t*j - a = -3*j. What is the tens digit of j?
1
Let m(t) = -t**3 + 4*t**2 + 7*t - 5. Let b be m(5). Suppose -p = -b*z + 62, 2*z - 3*z = -5*p - 22. What is the tens digit of z?
1
Suppose 3*k - 4 = 8, 0 = -5*t + 5*k. Suppose 32 = 3*l + t*b - 99, 3*b = -3*l + 126. What is the tens digit of l?
3
Let r(i) = -5*i + 6. Let c be r(4). Let g = c - -25. What is the units digit of g?
1
Let g be 16/7 + 4/(-14). Suppose u = g*o - 116, 5*o - 5*u - 246 - 39 = 0. What is the tens digit of o?
5
Suppose 0 = 98*j - 100*j + 234. What is the units digit of j?
7
Let q be 1 - (-2 + -125 + 2). Suppose 0*b - q = -3*b. What is the units digit of b?
2
Let z = 18 - 11. Suppose m + p - 14 = -2*m, -4*m + 23 = -3*p. Suppose 0 = -2*f - 2*f - 12, f - z = -m*o. What is the units digit of o?
2
Let f = -221 - -310. What is the units digit of f?
9
What is the tens digit of 351 - 25/10*(-18)/(-15)?
4
Let v(k) = -36*k - 12*k + 7*k - 5. Let z be v(5). What is the units digit of z/(-27) + (-6)/(-27)?
8
Let h(m) = -m**3 + m**2 + 6*m + 32. Let a(z) = 2*z**3 - 2*z**2 - 11*z - 63. Let w(l) = -6*a(l) - 11*h(l). What is the tens digit of w(0)?
2
Let j(m) = m**3 - 3*m**2 + 4*m - 2. Let f be j(2). Let l(k) = 7*k - 7*k**f + 6 + k**3 - 1 - 4. What is the units digit of l(6)?
7
Suppose 5*v = 3*v + 6. Suppose -d = -v*d - z + 115, -3*z = 5*d - 290. What is the tens digit of d?
5
What is the tens digit of (-570)/(-40) - ((-5)/(-4) - 1)?
1
Let g(i) = -15*i + 3. What is the tens digit of g(-2)?
3
Let b be (2/(-6))/((-5)/15). Let v be b/2*(1 - -3). Suppose 0*d - 20 = -v*d. What is the tens digit of d?
1
Let j(w) = -3*w + 4 - 2 - 4 - w**3 + 6*w**2. What is the units digit of j(5)?
8
Let r(d) = d - 13. Let i be r(9). What is the tens digit of 119/11 + i/(-22)?
1
Suppose 5*q - 16 + 1 = 0. Suppose -x - 3*i - q = 2*x, -3*i = 6. What is the units digit of x?
1
Let v = 1 + 2. Suppose 3*j - 3*s = -2*j + 115, -4*j = v*s - 92. What is the tens digit of j?
2
Let a(z) = -z**2 - 6*z + 3. Let i be (6 + -4)*(-10)/(-4). Let u = i + -11. What is the units digit of a(u)?
3
Suppose -a + 5*j + 7 = 0, -4*j = 5*a - 10 + 4. Suppose -11 = -m + a*u, -3*m - u + 0*u + 19 = 0. What is the units digit of m?
7
Let k be (5 - 4)*19*2. Let n = -19 + k. Let b = n + -11. What is the units digit of b?
8
Let h(i) be the third derivative of i**5/30 + i**4/24 + i**2. What is the units digit of h(-1)?
1
Let m be (-18 - 2)/4*-1. Suppose -5*j + 63 = 4*s - 13, -5*s + m*j = -140. What is the tens digit of s?
2
Suppose -5*z - 2*t - 2 = -37, -3*z = 3*t - 21. Let g = z + -8. What is the units digit of -3 - g - 8/(-2)?
2
Let b(f) = 68*f**2 + f - 1. What is the hundreds digit of b(2)?
2
Suppose -45 = -4*p + p. Let g = p - -3. What is the tens digit of g?
1
Suppose z - x = 3, -2*z - x - x = 6. Suppose 4*p + 4 - 13 = t, t + 3*p - 12 = z. Suppose 2*d + 29 = 3*s, -t*s + 4*d = d - 33. What is the units digit of s?
7
Suppose 0*s - 4*c = 4*s - 40, 4*s - 70 = 2*c. What is the tens digit of s?
1
Let y be 1 - (-1 - 2/1). Suppose 2*f = 5*r - 74, 0 = -3*r - y*f + 43 + 17. What is the tens digit of r?
1
Suppose 7 = -5*y + 27. Suppose -y*s + 3*g + 16 = 0, 2*s - g = -2*g + 8. Suppose 0 = -9*i + 4*i + s*z + 60, 0 = -5*i + 3*z + 55. What is the units digit of i?
8
Suppose -4*u + 2 = -18. Suppose u*c - 30 = 85. What is the units digit of c?
3
Let c(b) = -b**3 + 10*b**2 - 4*b. What is the units digit of c(6)?
0
Let l(n) = -n**2 - 18*n - 20. What is the units digit of l(-11)?
7
Let u(o) = -o**3 - 4*o**2 - 6*o - 2. What is the units digit of u(-4)?
2
Let v = -94 - -151. What is the tens digit of v?
5
Let o(r) = -4*r + r + 1 + 3*r - 9*r**2. Let f(c) = -9*c**2 + 1. Let n(j) = -5*f(j) + 4*o(j). What is the units digit of n(1)?
8
Let h = 30 - 13. Suppose -8*f = -4*f - 5*i + 9, 3*f + i = h. Let d = 13 - f. What is the units digit of d?
9
Let y(q) = 2*q**2 - q - 2. Let w be y(-2). Let u = -1 + w. What is the units digit of u?
7
What is the units digit of (4 + (122/4)/(-1))*-10?
5
Suppose 3*b + 0*o - 26 = -4*o, 3*o - 15 = 0. Suppose 4*l + 3*a - 29 = 0, 2*l = -0*l + b*a + 32. What is the tens digit of l?
1
Let a = -6 + 10. Suppose 5*m - x - 101 = -2*x, 5*m - a*x - 96 = 0. What is the units digit of m?
0
Let n(g) = g + 0 - 1 - 3. Let a be n(0). What is the units digit of (-153)/(-21) + a/14?
7
Let n = 18 + -10. What is the units digit of n?
8
Let h be 54/10 - 2/5. What is the units digit of (-2 - -1)/(h/(-155))?
1
Let x(c) = -30*c + 5. Let n be x(-4). Suppose -4*o - 5*j + n = 0, -o = -j + 3*j - 35. What is the units digit of o?
5
Let w(x) = -x + 6. Let j be w(0). What is the tens digit of (-117)/6*(-8)/j?
2
Let y(u) = u + 9. Let i be y(-7). Suppose i*m - 36 = -2*m. What is the units digit of m?
9
Let l be 3/(-4)*8/(-2). Suppose 6*d - l*d = 15. Suppose r + 35 = d*c, -4*c + 2*r = -r - 17. What is the units digit of c?
8
Let r be 1 + (0 - 1/1). Suppose -41 = -2*g - 5*t + 40, r = -3*t + 9. What is the tens digit of g?
3
Let j be -1 - (1 + 0) - -2. Let k = 3 + j. Suppose -9 = -k*i - 0*i. What is the units digit of i?
3
Let m(p) = 20*p**3 + 2*p - 1. Let v be m(1). Suppose -3*c + 2*w + v = w, -4*w - 20 = -4*c. Suppose -2*r = -0*r - c. What is the units digit of r?
4
Suppose m + 4*y - 329 = 0, -2*m + 0*y = y - 658. What is the tens digit of m?
2
Let m = -6 + 50. Suppose -d + m = 3*d. What is the tens digit of d?
1
Let o = 2 - -1. Suppose -3*a + o*p = -93, -a - 3*a - 4*p = -108. What is the tens digit of a?
2
Suppose -24 = -0*z + 3*z. Let x(q) = -3*q + 6 + 4*q + 9. What is the units digit of x(z)?
7
Let r(t) = 8*t**2 + t. Let y be r(-2). Suppose -4*n = -y - 14. What is the tens digit of n?
1
Let m = 5 - -2. Suppose m*a = 4*a + 42. What is the units digit of a?
4
Let w(c) = 7*c**3 + c**2 - c + 1. What is the units digit of w(2)?
9
Let q = 5 + -1. Let c = 8 - -2. What is the units digit of q/c - (-26)/10?
3
Let q(k) = 4*k - 4. Let t(a) = a**3 + 9*a**2 + 8*a + 2. Let m be t(-8). Let d be 1/(-2) - (-7)/m. What is the units digit of q(d)?
8
Let s(w) = 3*w. Let x be s(6). Suppose -4*j = -x + 6. What is the units digit of j?
3
Suppose 2 = -m - 1. Let u(w) = -w**2 - 4*w + 4. What is the units digit of u(m)?
7
Let k be (0 - 4)/2 + 2. Let y be -1 + 1 - (-1 - k). Let v = y + 4. What is the units digit of v?
5
Let i = 4 - 8. Let d = i + 6. Suppose 7*y = -b + d*y - 7, 2*b - y = 8. What is the units digit of b?
3
Let u(o) = -2 - 4 + o - o + 2*o. Let v = 13 - 8. What is the units digit of u(v)?
4
Let c(n) = 3*n - 4. Let h(w) = w**2 + 5*w - 3. Let i be h(-4). Let m be c(i). What is the units digit of 6/(-10) + (-290)/m?
1
Let r(z) = -9*z - 26. What is the tens digit of r(-13)?
9
Let g(z) = -z + 4. Let f be g(2). Suppose 11 = 3*l + f. Suppose 2*k - l - 7 = 0. What is the units digit of k?
5
Suppose -4*b = 3*c - 60, c - 3 = 4*b + 1. Suppose -u - 4*f + c = 0, -2 = 3*u - 2*u - 5*f. What is the units digit of u?
8
Suppose -5*i + 383 = 3*b, -4*b - 2*i + 4*i = -502. What is the hundreds digit of b?
1
Suppose -5*f = 2*s - s - 147, 2*f = 0. Suppose -5*m = 37 - s. Suppose 3*d - m = d. What is the units digit of d?
1
What is the units digit of (-4)/(-18) + 612/162?
4
Let m = -4 + 3. Let j(i) = -9*i + 1. Let f be j(m). Let n = f + -1. What is the units digit of n?
9
What is the tens digit of 2 + (-16)/6*(-9)/2?
1
What is the tens digit of (-111 + 0)*5/(-15)?
3
Suppose u = 6*u - 15. Suppose -8 = -u*p - 2. What is the units digit of p?
2
Let h(x) = x**3 + 14. Let s be h(0). Let t be -3 + (2 - 0)*s. Suppose 0 = 4*p - 11 - t. What is the units digit of p?
9
Suppose 2*s + 3*s = 45. Suppose 5*n = 8*n + 6. What is the units digit of 60/s + n/(-6)?
7
Let l(q) = q**3 - 5*q**2 + q + 1. Let r be l(5). Let d = r - 1. What is the units digit of d?
5
Let v(m) be the third derivative of -m**6/120 + m**5/15 + 5*m**4/24 + 5*m**3/6 + m**2. Let h = -10 - -15. What is the units digit of v(h)?
5
Suppose 0 = 2*t - 2*m + 6*m - 52, t - 5 = 5*m. Suppose 4*p - t = -4*c, 1 = -c - 3. What is the units digit of p?
9
What is the units digit of 78/(-15)*20/(-8)?
3
Let l be (-1)/(3/6) + 38. Suppose 6*o - l = 3*o. What is the tens digit of o?
1
Suppose 2*n + 2*u = 28, -u + 47 = n + 3*n. Su